{"id":577,"date":"2023-09-27T21:30:51","date_gmt":"2023-09-27T20:30:51","guid":{"rendered":"https:\/\/neu.sv-personaltraining.ch\/?page_id=577"},"modified":"2023-09-28T09:20:01","modified_gmt":"2023-09-28T08:20:01","slug":"videos","status":"publish","type":"page","link":"https:\/\/sv-personaltraining.ch\/?page_id=577","title":{"rendered":"Videos"},"content":{"rendered":"\n<figure class=\"wp-block-embed is-type-video is-provider-youtube wp-block-embed-youtube wp-embed-aspect-4-3 wp-has-aspect-ratio\"><div class=\"wp-block-embed__wrapper\">\n<div class='embed-container'><iframe loading=\"lazy\" title=\"Bauch \/ Rumpf Training, ohne Ger\u00e4te, sv-personaltraining\" width=\"1440\" height=\"1080\" src=\"https:\/\/www.youtube.com\/embed\/Xg4ZBTPvE4M?feature=oembed\" frameborder=\"0\" allow=\"accelerometer; autoplay; clipboard-write; encrypted-media; gyroscope; picture-in-picture; web-share\" allowfullscreen><\/iframe><\/div>\n<\/div><\/figure>\n\n\n\n<figure class=\"wp-block-embed is-type-video is-provider-youtube wp-block-embed-youtube wp-embed-aspect-16-9 wp-has-aspect-ratio\"><div class=\"wp-block-embed__wrapper\">\n<div class='embed-container'><iframe loading=\"lazy\" title=\"Qigong- \u00dcbung: Das Sch\u00fctteln, einfache \u00dcbung - gro\u00dfe Wirkung\" width=\"1920\" height=\"1080\" src=\"https:\/\/www.youtube.com\/embed\/MieM9em7idI?feature=oembed\" frameborder=\"0\" allow=\"accelerometer; autoplay; clipboard-write; encrypted-media; gyroscope; picture-in-picture; web-share\" allowfullscreen><\/iframe><\/div>\n<\/div><\/figure>\n","protected":false},"excerpt":{"rendered":"","protected":false},"author":2,"featured_media":0,"parent":0,"menu_order":0,"comment_status":"closed","ping_status":"closed","template":"","meta":{"footnotes":""},"class_list":["post-577","page","type-page","status-publish","hentry"],"jetpack_sharing_enabled":true,"_links":{"self":[{"href":"https:\/\/sv-personaltraining.ch\/index.php?rest_route=\/wp\/v2\/pages\/577","targetHints":{"allow":["GET"]}}],"collection":[{"href":"https:\/\/sv-personaltraining.ch\/index.php?rest_route=\/wp\/v2\/pages"}],"about":[{"href":"https:\/\/sv-personaltraining.ch\/index.php?rest_route=\/wp\/v2\/types\/page"}],"author":[{"embeddable":true,"href":"https:\/\/sv-personaltraining.ch\/index.php?rest_route=\/wp\/v2\/users\/2"}],"replies":[{"embeddable":true,"href":"https:\/\/sv-personaltraining.ch\/index.php?rest_route=%2Fwp%2Fv2%2Fcomments&post=577"}],"version-history":[{"count":2,"href":"https:\/\/sv-personaltraining.ch\/index.php?rest_route=\/wp\/v2\/pages\/577\/revisions"}],"predecessor-version":[{"id":587,"href":"https:\/\/sv-personaltraining.ch\/index.php?rest_route=\/wp\/v2\/pages\/577\/revisions\/587"}],"wp:attachment":[{"href":"https:\/\/sv-personaltraining.ch\/index.php?rest_route=%2Fwp%2Fv2%2Fmedia&parent=577"}],"curies":[{"name":"wp","href":"https:\/\/api.w.org\/{rel}","templated":true}]}}